2 - 18*k - 59. Give v(-7).
18
Let z(h) = -26*h**2 - 3*h + 2. Calculate z(1).
-27
Let g(k) = 5*k**3 - 4*k**2 - 2*k + 2. Calculate g(-2).
-50
Let g(n) = 3*n**2 + 10*n + 4. Determine g(-4).
12
Let o(x) = x**2 + 47*x + 43. What is o(-46)?
-3
Let b(n) = 8*n**2 + 47*n - 3. Give b(-6).
3
Let p(y) = -y**2 - 11*y - 28. Give p(-6).
2
Let q(s) = -s**3 - 13*s**2 - 18*s + 45. Calculate q(-11).
1
Let v(y) = y - 1. Determine v(13).
12
Let s(q) = 54*q + 8. Calculate s(-1).
-46
Let k(v) = -6*v + 25. Determine k(4).
1
Let r(z) = -2*z**2. Determine r(2).
-8
Let z(p) = p**2 + 5*p + 7. What is z(-9)?
43
Let j(m) = -m**2 - 15*m + 31. What is j(-17)?
-3
Let x(f) = -25*f**3 - 2*f**2 + f + 1. Calculate x(1).
-25
Let i(r) = 4*r**2 - r + 3. Give i(-3).
42
Let o(p) = 4*p - 33. Give o(6).
-9
Let l(y) = -13*y - 167. What is l(-12)?
-11
Let j(q) = 130*q**2 - 2*q + 3. Determine j(1).
131
Let g(y) = y**3 + 5*y**2 - 4*y + 5. What is g(-6)?
-7
Let v(c) = 187*c - 1311. Give v(7).
-2
Let t(n) = 2*n**2 - 6*n - 5. What is t(5)?
15
Let g(p) = -p + 17. Determine g(13).
4
Let p(i) = 15*i**2 + 166*i + 7. Determine p(-11).
-4
Let p(q) = -3*q**2 + 13*q - 2. Give p(6).
-32
Let g(f) = f**3 + 4*f**2 - 15*f - 16. Calculate g(-6).
2
Let l(h) = -3*h - 7. Give l(-5).
8
Let r(k) = 7*k + 95. Give r(-12).
11
Let u(t) = 21*t - 212. Calculate u(8).
-44
Let r(t) = -23*t**2 + 1. Give r(1).
-22
Let x(s) = 17*s**2 - 2*s + 2. Calculate x(1).
17
Let a(b) = -b**3 + 6*b**2 - 7*b. What is a(3)?
6
Let f(h) = -h**3 - h**2 + 6*h - 9. Calculate f(4).
-65
Let p(l) = l**3 + l**2 + 3*l + 1. What is p(0)?
1
Let p(c) = -7*c - 67. Calculate p(-12).
17
Let a(d) = -9*d - 62. Determine a(-7).
1
Let p(q) = q**3 + 13*q**2 + 13*q + 17. Determine p(-12).
5
Let m(t) = -2*t**2 + t + 9. Give m(4).
-19
Let r(n) = -4*n**2 + 48*n + 26. Give r(13).
-26
Let a(c) = 2*c + 37. Calculate a(-20).
-3
Let y(a) = -a**2 - 8*a - 7. Give y(-3).
8
Let z(g) = g**3 - 5*g**2 + 4*g - 11. What is z(5)?
9
Let j(h) = h**3 + h**2 - 12*h + 4. Calculate j(-4).
4
Let k(w) = w**3 + w**2 - 3*w + 2. Determine k(-4).
-34
Let u(p) = -p - 24. Calculate u(-11).
-13
Let i(b) = 5*b - 88. What is i(6)?
-58
Let m(s) = -s**3 - 16*s**2 + 20*s + 55. What is m(-17)?
4
Let w(v) = v**3 - 14*v**2 - 17*v + 18. Calculate w(15).
-12
Let t(h) = -2*h - 6. What is t(-8)?
10
Let c(r) = r**3 - 4*r**2 - 3*r + 2. What is c(4)?
-10
Let b(f) = f**3 - f**2 + 3*f + 39. What is b(0)?
39
Let y(i) = i + 26. Determine y(8).
34
Let l(k) = 2*k - 1. Give l(-3).
-7
Let f(z) = 2*z**3 - 2*z**2 + 8*z - 9. Determine f(4).
119
Let j(a) = a**3 - 20*a**2 + 20*a - 12. What is j(19)?
7
Let h(z) = 7*z**2 - 6*z - 3. Calculate h(-2).
37
Let l(z) = 3*z**2 + 2*z + 1. Calculate l(-2).
9
Let p(d) = -3*d**2 + 11*d + 20. Determine p(-5).
-110
Let i(v) = -7*v**2 - 28*v - 4. Give i(-4).
-4
Let p(g) = g**2 + g - 28. What is p(-6)?
2
Let q(i) = -48*i - 22. Calculate q(1).
-70
Let d(p) = 5*p - 11. Give d(-2).
-21
Let n(y) = -3*y - 20. Determine n(-8).
4
Let n(d) = d**3 - 9*d**2 + 19. Calculate n(9).
19
Let n(m) = -m**3 + 48*m**2 + 7*m - 321. What is n(48)?
15
Let r(z) = -z**2 - 24*z - 119. Determine r(-9).
16
Let d(h) = -8*h**3 + 3*h**2 - h - 1. Calculate d(1).
-7
Let i(n) = -n**2 + 33*n - 6. Determine i(33).
-6
Let f(b) = -b**3 + 26*b**2 - 22*b - 77. Calculate f(25).
-2
Let s(l) = -l**2 - 9*l - 11. Give s(-5).
9
Let z(c) = -c**2 + 5*c + 6. Determine z(10).
-44
Let k(p) = -p**2 + 17*p - 65. Determine k(12).
-5
Let s(g) = -15*g**2 - 27*g - 27. What is s(-1)?
-15
Let j(b) = 15*b - 327. Give j(22).
3
Let g(y) = 16*y**2 - 2*y - 2. Determine g(-1).
16
Let h(p) = -p**2 + 11*p + 109. What is h(-6)?
7
Let n(r) = 3*r**2 + 3*r. Determine n(-2).
6
Let r(k) = 3*k - 39. What is r(13)?
0
Let o(c) = 16*c**3 - c**2 + 2*c - 2. Determine o(1).
15
Let j(y) = -17*y - 60. Calculate j(-7).
59
Let d(m) = m**2 + 9*m + 12. Determine d(-8).
4
Let j(y) = -y**3 - 10*y**2 + 3*y + 20. Give j(-10).
-10
Let n(i) = i**2 - 8*i - 5. Determine n(7).
-12
Let h(o) = -5*o**2 - o - 7. Calculate h(-2).
-25
Let c(k) = -k**3 - 10*k**2 + 29*k + 22. Determine c(-12).
-38
Let j(b) = b**3 + 45*b**2 + 44*b - 46. Calculate j(-44).
-46
Let x(i) = -i**2 - i + 1. What is x(0)?
1
Let v(b) = -29*b**2 - 20*b - 3. What is v(-1)?
-12
Let d(s) = 5*s**3 - 4*s**2 + 6*s + 9. Determine d(-1).
-6
Let r(h) = -6*h - 63. Determine r(7).
-105
Let b(v) = 2*v**2 + v + 1. What is b(2)?
11
Let t(n) = -n**3 + 19*n**2 - 19*n + 6. Determine t(18).
-12
Let b(x) = -x**2 - 7*x - 4. Calculate b(-6).
2
Let g(y) = -5*y**2 - y + 4. Give g(1).
-2
Let p(s) = 2*s - 8. Determine p(-7).
-22
Let v(j) = 2*j**2 - 22*j + 29. Give v(13).
81
Let d(z) = z + 3. Give d(6).
9
Let i(p) = -p**2 + 19*p - 30. Give i(7).
54
Let b(p) = -51*p**3 - 2*p - 2. Calculate b(-1).
51
Let q(p) = -p - 26. Calculate q(0).
-26
Let f(y) = y**2 - 58*y + 446. Give f(9).
5
Let s(m) = m**2 + 10*m + 3. Determine s(-9).
-6
Let c(b) = -2*b - 27. Give c(-18).
9
Let p(k) = -2*k**2 + 13*k - 11. Determine p(6).
-5
Let q(u) = u**3 - 13*u**2 + 8*u + 13. Calculate q(12).
-35
Let o(p) = 6*p**2 - 1. Determine o(-2).
23
Let q(l) = 7*l**2 + 2*l - 2. What is q(1)?
7
Let v(m) = -m**3 + m**2 - 51. Determine v(0).
-51
Let p(d) = 2*d**2 + 7. Determine p(0).
7
Let q(j) = -j**2 - 26*j - 45. Determine q(-24).
3
Let f(n) = -117*n**3 + 1. Determine f(1).
-116
Let a(v) = 2*v**2 + 47*v + 26. Give a(-23).
3
Let m(s) = 2*s + 2. Give m(-6).
-10
Let d(h) = -h**2 - 3*h - 3. What is d(-3)?
-3
Let c(y) = -2*y**3 + y**2 - y - 1. What is c(-1)?
3
Let i(k) = 2*k - 14. Give i(8).
2
Let b(t) = -t**3 + 16*t**2 + 7*t - 27. Determine b(16).
85
Let d(p) = -6*p - 43. Give d(-8).
5
Let h(u) = 2*u + 24. Determine h(-10).
4
Let i(d) = -6*d + 6. What is i(4)?
-18
Let a(u) = u**3 - 14*u**2 + 13*u + 5. Determine a(13).
5
Let w(k) = -k**3 + 27*k**2 - 116*k + 24. Determine w(5).
-6
Let d(c) = -c**2 - 10*c - 16. Give d(-9).
-7
Let m(n) = -n**2 - 19*n - 38. Calculate m(-17).
-4
Let b(q) = -10*q + 4. What is b(6)?
-56
Let f(v) = -v**2 - 14*v - 29. Calculate f(-12).
-5
Let l(v) = 21*v - 94. Give l(4).
-10
Let j(l) = -l**2 + 24*l - 103. Determine j(20).
-23
Let l(z) = 3*z + 59. Determine l(-12).
23
Let o(c) = c**3 - c + 20. What is o(0)?
20
Let o(r) = r**3 + 7*r**2 + 7*r - 25. Determine o(-4).
-5
Let r(k) = -2*k - 16. What is r(-5)?
-6
Let w(m) = -m**3 - 10*m**2 + 6*m + 48. Determine w(-10).
-12
Let w(l) = l**3 + 21*l**2 - 47*l - 25. Calculate w(-23).
-2
Let m(b) = 261*b + 1311. What is m(-5)?
6
Let t(j) = j**3 + 32*j**2 + 16*j + 518. Calculate t(-32).
6
Let z(l) = l**3 - 7*l**2 + 3*l - 1. Calculate z(6).
-19
Let w(i) = -i**2 - 4*i + 10. Calculate w(3).
-11
Let a(o) = 24*o + 2. What is a(1)?
26
Let u(l) = l**3 - 22*l**2 + l - 33. Give u(22).
-11
Let w(d) = -2*d**2 + d + 1. Calculate w(-2).
-9
Let x(l) = 2*l**3 - 2*l**2 - 2*l + 4. Determine x(2).
8
Let k(h) = -h**3 + 2*h**2 + h + 4. Calculate k(3).
-2
Let k(v) = -3*v - 10. Determine k(0).
-10
Let k(l) = 3*l**3 + l**2 - 3*l - 1. Calculate k(-2).
-15
Let o(i) = 4*i - 7. Determine o(0).
-7
Let c(t) = -19*t + 118. Determine c(6).
4
Let p(y) = y**3 - 12*y**2 - 2*y + 25. Determine p(12).
1
Let k(z) = z + 22. What is k(7)?
29
Let b(t) = t**2 - 3*t - 3. What is b(5)?
7
Let x(u) = u**2 + 19*u - 11. Determine x(-20).
9
Let z(v) = v**3 + 6*v**2 - 8*v - 9. Determine z(-7).
-2
Let b(l) = l**3 + 8*l**2 + 7*l + 5. What is b(-7)?
5
Let s(n) = 4*n**2 - n - 2. Give s(-2).
16
Let k(t) = t**3 + 3*t**2 - 6*t + 6. Determine k(-5).
-14
Let j(s) = -3*s + 5. What is j(-1)?
8
Let w(p) = -5*p**3 - p**2 - 5*p - 5. Give w(0).
-5
Let o(q) = 22*q + 79. What is o(-3)?
13
Let w(k) = -k**3 - 6*k**2 - 8*k - 5. Give w(-3).
-8
Let l(h) = -h**2 - 7*h - 18. Determine l(-4).
-6
Let w(s) = 78*s**2 + 2. Calculate w(-1).
80
Let a(w) = -w**2 + w + 4. Calculate a(3).
-2
Let g(v) = -v**2 + v + 24. What is g(6)?
-6
Let p(h) = 3*h**3 + 2*h**2 + 2*h + 1. What is p(-1)?
-2
Let q(w) = -w**3 - 20*w**2 - 19*w + 1. Determine q(-19).
1
Let z(l) = -6*l + 12. Calculate z(9).
-42
Let o(s) = 5*s**2 + 31*s + 10. What is o(-6)?
4
Let k(w) = w - 27. Determine k(-6).
-33
Let s(b) = -b**2 + 5*b + 9. What is s(-2)?
-5
Let n(f) = -2*f + 29. Calculate n(9).
11
Let h(z) = -20*z**2 + 2*z - 1. Give h(1).
-19
Let n(s) = 5*s**2 - 3*s - 2. What is n(-1)?
6
Let y(w) = 2*w**2 + w + 9. Give y(0).
9
Let x(g) = 